-248
What is -129 (base 13) in base 4?
-3030
What is -cc07 (base 15) in base 5?
-2340312
What is a876 (base 11) in base 5?
424421
Convert -1117 (base 9) to base 8.
-1472
What is -32305 (base 8) in base 5?
-413014
What is 10830 (base 9) in base 13?
33a8
-82 (base 16) to base 11
-109
-1081 (base 12) to base 9
-2447
What is -23d (base 14) in base 15?
-1ec
Convert -440 (base 9) to base 7.
-1023
-1001210 (base 3) to base 16
-309
28 (base 15) to base 6
102
What is -364 (base 15) in base 4?
-30001
What is -4774 (base 12) in base 5?
-224013
What is 64 (base 7) in base 2?
101110
-8827 (base 9) to base 8
-14551
Convert 197ba (base 14) to base 13.
2356c
What is -93 (base 14) in base 13?
-9c
-1540 (base 7) to base 9
-754
Convert 20012101 (base 3) to base 12.
2747
Convert -20023 (base 6) to base 12.
-1613
2322 (base 9) to base 4
122321
What is 41b (base 14) in base 15?
38e
What is -386 (base 14) in base 10?
-706
Convert -b6 (base 13) to base 9.
-175
What is -c99 (base 13) in base 3?
-2221210
What is 121c (base 16) in base 3?
20100201
17b (base 14) to base 16
131
What is 615 (base 12) in base 5?
12011
What is 110101010 (base 2) in base 11?
358
-10321001 (base 4) to base 8
-47101
a5b (base 15) to base 2
100100100000
Convert 3109 (base 13) to base 14.
2677
What is -33622 (base 7) in base 14?
-3182
Convert -34202 (base 7) to base 8.
-20743
Convert 2120101 (base 3) to base 14.
97b
What is 1310 (base 14) in base 16?
d12
-14142 (base 5) to base 8
-2224
What is 836 (base 9) in base 6?
3053
-403 (base 6) to base 10
-147
What is 1012200 (base 3) in base 7?
2400
Convert -37040 (base 10) to base 4.
-21002300
10b (base 16) to base 15
12c
What is 4e0b (base 15) in base 16?
4115
What is 1933 (base 11) in base 10?
2456
What is 30e4 (base 16) in base 9?
18146
What is 32756 (base 9) in base 13?
9b9a
Convert -2541 (base 13) to base 16.
-14ac
What is -95b (base 13) in base 10?
-1597
214224 (base 7) to base 11
261a4
Convert -b7 (base 14) to base 16.
-a1
What is -202202 (base 3) in base 9?
-682
What is -2382 (base 16) in base 13?
-41a3
33604 (base 7) to base 9
12627
Convert 2001002 (base 3) to base 5.
21422
What is 2340 (base 9) in base 15?
7ac
Convert -202 (base 14) to base 4.
-12022
What is 1341 (base 7) in base 3?
201020
Convert -1001101101 (base 2) to base 6.
-2513
26a4 (base 13) to base 6
41354
Convert 1523 (base 7) to base 2.
1001011101
Convert -57 (base 9) to base 16.
-34
Convert 50b (base 14) to base 3.
1100201
121320 (base 4) to base 5
23111
-53135 (base 7) to base 9
-18875
18579 (base 10) to base 14
6ab1
-447 (base 14) to base 3
-1011101
Convert 4135 (base 16) to base 13.
77a1
What is 20221 (base 3) in base 13?
115
Convert -2f (base 16) to base 8.
-57
350 (base 9) to base 4
10200
41340 (base 9) to base 11
19525
-240 (base 11) to base 6
-1154
1043 (base 6) to base 16
f3
What is 755 (base 15) in base 3?
2021022
-9668 (base 10) to base 16
-25c4
What is -1450 (base 6) in base 9?
-473
What is -21333002 (base 4) in base 3?
-2002002202
-22b (base 12) to base 5
-2243
21001222 (base 3) to base 4
1100210
-142 (base 6) to base 11
-57
Convert 723 (base 13) to base 2.
10010111100
What is 2614 (base 10) in base 15?
b94
What is 11011100010101 (base 2) in base 14?
51d3
Convert 100010000111101 (base 2) to base 4.
10100331
What is -3532 (base 10) in base 3?
-11211211
Convert 145 (base 7) to base 4.
1102
What is 22022 (base 7) in base 10?
5504
What is 237 (base 16) in base 12?
3b3
1357 (base 9) to base 5
13044
Convert 35011 (base 6) to base 9.
6737
Convert 166463 (base 7) to base 2.
1000001011101000
-121202211 (base 3) to base 10
-12226
Convert -d8 (base 16) to base 11.
-187
2663 (base 7) to base 9
1358
What is 104 (base 8) in base 4?
1010
1122020000 (base 3) to base 5
2012423
30040 (base 12) to base 2
1111001100110000
-618 (base 11) to base 6
-3241
-23496 (base 13) to base 10
-64512
-2020002 (base 3) to base 8
-3126
-12175 (base 12) to base 15
-7385
Convert 21032213 (base 4) to base 14.
dabd
What is -110101000001 (base 2) in base 16?
-d41
1100 (base 8) to base 14
2d2
Convert -110100 (base 2) to base 5.
-202
Convert 2205 (base 15) to base 10.
7205
What is -10101 (base 5) in base 12?
-463
-47158 (base 10) to base 2
-1011100000110110
Convert -10002 (base 5) to base 14.
-32b
-491 (base 12) to base 9
-841
Convert 2a4a (base 11) to base 5.
111201
Convert -102123 (base 4) to base 15.
-539
Convert -26c (base 14) to base 7.
-1265
-335255 (base 6) to base 8
-67363
Convert 8b (base 14) to base 13.
96
What is 381 (base 15) in base 16?
31c
What is 297 (base 12) in base 9?
487
What is 25573 (base 8) in base 2?
10101101111011
Convert 153e (base 15) to base 13.
20c9
Convert 335 (base 7) to base 12.
125
404430 (base 5) to base 4
3030323
What is 11307 (base 8) in base 13?
225a
-d17 (base 15) to base 8
-5603
-435 (base 10) to base 7
-1161
Convert 2120122 (base 3) to base 14.
984
What is -761 (base 11) in base 13?
-554
What is -1100011 (base 2) in base 11?
-90
What is 4144 (base 6) in base 3?
1021101
Convert -16500 (base 9) to base 5.
-330330
-10100011110010 (base 2) to base 6
-120310
Convert 282 (base 10) to base 6.
1150
What is 4b5 (base 13) in base 15?
39e
Convert 2241 (base 5) to base 2.
101000001
14c7 (base 16) to base 10
5319
-7747 (base 9) to base 7
-22441
-20102212 (base 4) to base 14
-c538
Convert 54 (base 16) to base 11.
77
Convert -936 (base 16) to base 5.
-33413
What is -e5e (base 16) in base 10?
-3678
Convert 1c7 (base 13) to base 14.
19a
Convert -9b6 (base 16) to base 8.
-4666
Convert -61 (base 11) to base 7.
-124
33402 (base 8) to base 5
422312
Convert -21202 (base 3) to base 6.
-545
What is -14b7b (base 14) in base 3?
-2121212020
-565 (base 14) to base 11
-892
1000101 (base 2) to base 11
63
1088 (base 9) to base 11
676
What is 204 (base 8) in base 9?
156
What is -23667 (base 10) in base 13?
-aa07
What is -7b6 (base 14) in base 6?
-11032
Convert 3434 (base 5) to base 15.
22e
a2c (base 15) to base 11
17a4
Convert 273a (base 12) to base 16.
119e
-31332 (base 7) to base 4
-1320210
-28625 (base 12) to base 16
-db7d
Convert -110223 (base 4) to base 5.
-20243
Convert -104131 (base 5) to base 2.
-111001010010
Convert -13b1 (base 14) to base 2.
-110110011111
-35136 (base 8) to base 3
-202111102
-15313 (base 6) to base 12
-1539
32132 (base 4) to base 3
1021022
17c (base 13) to base 5
2042
-5b (base 16) to base 12
-77
Convert -1010010110010 (base 2) to base 5.
-132143
100011001 (base 2) to base 13
188
Convert -1637 (base 8) to base 12.
-653
-2 (base 3) to base 8
-2
1011010000 (base 2) to base 8
1320
92a5 (base 16) to base 11
26229
41b (base 14) to base 9
1088
Convert 111101001110 (base 2) to base 10.
3918
Convert 9a4 (base 16) to base 14.
c84
Convert 3117 (base 11) to base 3.
12200001
What is -11110011001 (base 2) in base 4?
-132121
Convert 10322310 (base 4) to base 12.
b7b0
636 (base 16) to base 12
b06
Convert 2263 (base 11) to base 13.
1479
What is 4c8 (base 13) in base 5?
11330
What is 1867 (base 13) in base 4?
320302
What is 110020101 (base 3) in base 14?
3372
-11003011 (base 4) to base 16
-50c5
Convert -11120 (base 4) to base 7.
-1001
Convert 4006 (base 15) to base 12.
7996
37a7 (base 11) to base 15
1707
Convert -2348 (base 16) to base 10.
-9032
-22475 (base 14) to base 10
-83207
What is 700 (base 10) in base 7?
2020
Convert -4a (base 14) to base 7.
-123
What is 127284 (base 9) in base 8?
227310
Convert -1042114 (base 5) to base 11.
-12916
263 (base 13) to base 12
2ab
What is -1110000101 (base 2) in base 8?
-1605
-3332 (base 4) to base 7
-512
Convert 1549 (base 10) to base 14.
7c9
What is -2002222000 (base 3) in base 7?
-232032
-13b (base 12) to base 13
-119
71ab (base 16) to base 8
70653
What is 1346 (base 8) in base 12?
51a
Convert 10001111 (base 2) to base 16.
8f
31522 (base 7) to base 2
1111001111111
77b (base 15) to base 7
4634
What is 484 (base 10) in base 6?
2124
What is -2019 (base 10) in base 6?
-13203
What is -798 (base 14) in base 4?
-113202
177a9 (base 12) to base 13
12600
Convert -880 (base 11) to base 5.
-13211
What is 27063 (base 10) in base 16?
69b7
Convert -9532 (base 16) to base 2.
-1001010100110010
21111211 (base 3) to base 10
5476
Convert -2ac (base 15) to base 10.
-612
Convert -424 (base 5) to base 11.
-a4
Convert 8247 (base 9) to base 6.
43541
Convert 23601 (base 7) to